Last updated on 2021-07-01 01:49:20 CEST.
Flavor | Version | Tinstall | Tcheck | Ttotal | Status | Flags |
---|---|---|---|---|---|---|
r-devel-linux-x86_64-debian-clang | 3.3.25 | 31.65 | 439.47 | 471.12 | OK | |
r-devel-linux-x86_64-debian-gcc | 3.3.25 | 18.47 | 295.38 | 313.85 | OK | |
r-devel-linux-x86_64-fedora-clang | 3.3.25 | 520.72 | NOTE | |||
r-devel-linux-x86_64-fedora-gcc | 3.3.25 | 526.51 | NOTE | |||
r-devel-windows-x86_64 | 3.3.25 | 25.00 | 475.00 | 500.00 | OK | |
r-devel-windows-x86_64-gcc10-UCRT | 3.3.25 | NOTE | ||||
r-patched-linux-x86_64 | 3.3.25 | 32.30 | 388.98 | 421.28 | OK | |
r-patched-solaris-x86 | 3.3.25 | 600.40 | NOTE | |||
r-release-linux-x86_64 | 3.3.25 | 24.71 | 392.55 | 417.26 | OK | |
r-release-macos-arm64 | 3.3.25 | NOTE | ||||
r-release-macos-x86_64 | 3.3.25 | NOTE | ||||
r-release-windows-ix86+x86_64 | 3.3.25 | 46.00 | 413.00 | 459.00 | OK | |
r-oldrel-macos-x86_64 | 3.3.25 | NOTE | ||||
r-oldrel-windows-ix86+x86_64 | 3.3.25 | 44.00 | 403.00 | 447.00 | OK |
Version: 3.3.25
Check: data for non-ASCII characters
Result: NOTE
Note: found 9 marked UTF-8 strings
Flavors: r-devel-linux-x86_64-fedora-clang, r-devel-linux-x86_64-fedora-gcc, r-devel-windows-x86_64-gcc10-UCRT, r-patched-solaris-x86, r-release-macos-arm64, r-release-macos-x86_64, r-oldrel-macos-x86_64