CRAN Package Check Results for Package paramlink

Last updated on 2021-07-01 01:49:20 CEST.

Flavor Version Tinstall Tcheck Ttotal Status Flags
r-devel-linux-x86_64-debian-clang 1.1-2 19.14 112.40 131.54 OK
r-devel-linux-x86_64-debian-gcc 1.1-2 13.72 83.09 96.81 OK
r-devel-linux-x86_64-fedora-clang 1.1-2 160.91 NOTE
r-devel-linux-x86_64-fedora-gcc 1.1-2 153.78 OK
r-devel-windows-x86_64 1.1-2 19.00 132.00 151.00 OK
r-devel-windows-x86_64-gcc10-UCRT 1.1-2 OK
r-patched-linux-x86_64 1.1-2 17.28 106.67 123.95 OK
r-patched-solaris-x86 1.1-2 195.50 OK
r-release-linux-x86_64 1.1-2 13.81 106.16 119.97 OK
r-release-macos-arm64 1.1-2 OK
r-release-macos-x86_64 1.1-2 OK
r-release-windows-ix86+x86_64 1.1-2 34.00 111.00 145.00 OK
r-oldrel-macos-x86_64 1.1-2 OK
r-oldrel-windows-ix86+x86_64 1.1-2 30.00 134.00 164.00 OK

Check Details

Version: 1.1-2
Check: Rd cross-references
Result: NOTE
    Undeclared package ‘Familias’ in Rd xrefs
Flavor: r-devel-linux-x86_64-fedora-clang