Last updated on 2021-07-01 01:49:20 CEST.
Flavor | Version | Tinstall | Tcheck | Ttotal | Status | Flags |
---|---|---|---|---|---|---|
r-devel-linux-x86_64-debian-clang | 4.3.3 | 100.02 | 55.88 | 155.90 | NOTE | |
r-devel-linux-x86_64-debian-gcc | 4.3.3 | 57.24 | 41.97 | 99.21 | NOTE | |
r-devel-linux-x86_64-fedora-clang | 4.3.3 | 225.54 | NOTE | |||
r-devel-linux-x86_64-fedora-gcc | 4.3.3 | 183.67 | NOTE | |||
r-devel-windows-x86_64 | 4.3.3 | 109.00 | 85.00 | 194.00 | NOTE | |
r-devel-windows-x86_64-gcc10-UCRT | 4.3.3 | NOTE | ||||
r-patched-linux-x86_64 | 4.3.3 | 74.03 | 52.09 | 126.12 | NOTE | |
r-patched-solaris-x86 | 4.3.3 | 197.80 | NOTE | |||
r-release-linux-x86_64 | 4.3.3 | 80.64 | 51.57 | 132.21 | NOTE | |
r-release-macos-arm64 | 4.3.3 | NOTE | ||||
r-release-macos-x86_64 | 4.3.3 | NOTE | ||||
r-release-windows-ix86+x86_64 | 4.3.3 | 233.00 | 101.00 | 334.00 | NOTE | |
r-oldrel-macos-x86_64 | 4.3.3 | NOTE | ||||
r-oldrel-windows-ix86+x86_64 | 4.3.3 | 262.00 | 91.00 | 353.00 | NOTE |
Version: 4.3.3
Check: LazyData
Result: NOTE
'LazyData' is specified without a 'data' directory
Flavors: r-devel-linux-x86_64-debian-clang, r-devel-linux-x86_64-debian-gcc, r-devel-linux-x86_64-fedora-clang, r-devel-linux-x86_64-fedora-gcc, r-devel-windows-x86_64, r-devel-windows-x86_64-gcc10-UCRT, r-patched-linux-x86_64, r-patched-solaris-x86, r-release-linux-x86_64, r-release-macos-arm64, r-release-macos-x86_64, r-release-windows-ix86+x86_64
Version: 4.3.3
Check: installed package size
Result: NOTE
installed size is 6.3Mb
sub-directories of 1Mb or more:
extdata 2.7Mb
libs 2.8Mb
Flavors: r-devel-linux-x86_64-fedora-clang, r-release-macos-arm64, r-release-macos-x86_64, r-release-windows-ix86+x86_64, r-oldrel-macos-x86_64, r-oldrel-windows-ix86+x86_64
Version: 4.3.3
Check: package dependencies
Result: NOTE
Package suggested but not available for checking: ‘vcfR’
Flavor: r-oldrel-macos-x86_64