Last updated on 2021-07-01 01:49:20 CEST.
Flavor | Version | Tinstall | Tcheck | Ttotal | Status | Flags |
---|---|---|---|---|---|---|
r-devel-linux-x86_64-debian-clang | 2.7-3 | 115.64 | 405.07 | 520.71 | OK | |
r-devel-linux-x86_64-debian-gcc | 2.7-3 | 90.79 | 302.09 | 392.88 | OK | |
r-devel-linux-x86_64-fedora-clang | 2.7-3 | 643.49 | NOTE | |||
r-devel-linux-x86_64-fedora-gcc | 2.7-3 | 622.63 | OK | |||
r-devel-windows-x86_64 | 2.7-3 | 110.00 | 488.00 | 598.00 | NOTE | |
r-devel-windows-x86_64-gcc10-UCRT | 2.7-3 | OK | ||||
r-patched-linux-x86_64 | 2.7-3 | 104.78 | 385.74 | 490.52 | OK | |
r-patched-solaris-x86 | 2.7-3 | 775.20 | NOTE | |||
r-release-linux-x86_64 | 2.7-3 | 99.12 | 382.88 | 482.00 | OK | |
r-release-macos-arm64 | 2.7-3 | ERROR | ||||
r-release-macos-x86_64 | 2.7-3 | NOTE | ||||
r-release-windows-ix86+x86_64 | 2.7-3 | 227.00 | 722.00 | 949.00 | NOTE | |
r-oldrel-macos-x86_64 | 2.7-3 | NOTE | ||||
r-oldrel-windows-ix86+x86_64 | 2.7-3 | 256.00 | 635.00 | 891.00 | NOTE |
Version: 2.7-3
Check: installed package size
Result: NOTE
installed size is 11.3Mb
sub-directories of 1Mb or more:
data 2.1Mb
libs 6.0Mb
Flavors: r-devel-linux-x86_64-fedora-clang, r-devel-windows-x86_64, r-patched-solaris-x86, r-release-macos-x86_64, r-release-windows-ix86+x86_64, r-oldrel-macos-x86_64, r-oldrel-windows-ix86+x86_64
Version: 2.7-3
Check: Rd cross-references
Result: NOTE
Undeclared packages ‘combinat’, ‘unifDAG’ in Rd xrefs
Flavor: r-devel-linux-x86_64-fedora-clang
Version: 2.7-3
Check: package dependencies
Result: ERROR
Package required but not available: ‘RBGL’
See section ‘The DESCRIPTION file’ in the ‘Writing R Extensions’
manual.
Flavor: r-release-macos-arm64