CRAN Package Check Results for Package pedigreeTools

Last updated on 2021-07-01 01:49:21 CEST.

Flavor Version Tinstall Tcheck Ttotal Status Flags
r-devel-linux-x86_64-debian-clang 0.1 4.65 29.97 34.62 NOTE
r-devel-linux-x86_64-debian-gcc 0.1 3.32 23.58 26.90 NOTE
r-devel-linux-x86_64-fedora-clang 0.1 51.72 NOTE
r-devel-linux-x86_64-fedora-gcc 0.1 40.01 NOTE
r-devel-windows-x86_64 0.1 9.00 49.00 58.00 NOTE
r-devel-windows-x86_64-gcc10-UCRT 0.1 NOTE
r-patched-linux-x86_64 0.1 4.42 28.91 33.33 NOTE
r-patched-solaris-x86 0.1 62.30 NOTE
r-release-linux-x86_64 0.1 3.92 28.74 32.66 NOTE
r-release-macos-arm64 0.1 NOTE
r-release-macos-x86_64 0.1 NOTE
r-release-windows-ix86+x86_64 0.1 12.00 51.00 63.00 NOTE
r-oldrel-macos-x86_64 0.1 OK
r-oldrel-windows-ix86+x86_64 0.1 14.00 59.00 73.00 OK

Additional issues

rchk

Check Details

Version: 0.1
Check: LazyData
Result: NOTE
     'LazyData' is specified without a 'data' directory
Flavors: r-devel-linux-x86_64-debian-clang, r-devel-linux-x86_64-debian-gcc, r-devel-linux-x86_64-fedora-clang, r-devel-linux-x86_64-fedora-gcc, r-devel-windows-x86_64, r-devel-windows-x86_64-gcc10-UCRT, r-patched-linux-x86_64, r-patched-solaris-x86, r-release-linux-x86_64, r-release-macos-arm64, r-release-macos-x86_64, r-release-windows-ix86+x86_64