CRAN Package Check Results for Package phd

Last updated on 2021-07-01 01:49:21 CEST.

Flavor Version Tinstall Tcheck Ttotal Status Flags
r-devel-linux-x86_64-debian-clang 0.1 5.54 61.76 67.30 NOTE
r-devel-linux-x86_64-debian-gcc 0.1 5.90 47.28 53.18 NOTE
r-devel-linux-x86_64-fedora-clang 0.1 88.30 NOTE
r-devel-linux-x86_64-fedora-gcc 0.1 80.27 NOTE
r-devel-windows-x86_64 0.1 8.00 82.00 90.00 NOTE
r-devel-windows-x86_64-gcc10-UCRT 0.1 NOTE
r-patched-linux-x86_64 0.1 5.43 60.13 65.56 NOTE
r-patched-solaris-x86 0.1 122.50 NOTE
r-release-linux-x86_64 0.1 5.96 58.89 64.85 NOTE
r-release-macos-arm64 0.1 NOTE
r-release-macos-x86_64 0.1 NOTE
r-release-windows-ix86+x86_64 0.1 12.00 77.00 89.00 NOTE
r-oldrel-macos-x86_64 0.1 OK
r-oldrel-windows-ix86+x86_64 0.1 16.00 80.00 96.00 OK

Check Details

Version: 0.1
Check: LazyData
Result: NOTE
     'LazyData' is specified without a 'data' directory
Flavors: r-devel-linux-x86_64-debian-clang, r-devel-linux-x86_64-debian-gcc, r-devel-linux-x86_64-fedora-clang, r-devel-linux-x86_64-fedora-gcc, r-devel-windows-x86_64, r-devel-windows-x86_64-gcc10-UCRT, r-patched-linux-x86_64, r-patched-solaris-x86, r-release-linux-x86_64, r-release-macos-arm64, r-release-macos-x86_64, r-release-windows-ix86+x86_64