Last updated on 2021-07-01 01:49:21 CEST.
Flavor | Version | Tinstall | Tcheck | Ttotal | Status | Flags |
---|---|---|---|---|---|---|
r-devel-linux-x86_64-debian-clang | 0.2.7 | 84.31 | 183.20 | 267.51 | OK | |
r-devel-linux-x86_64-debian-gcc | 0.2.7 | 55.82 | 155.13 | 210.95 | OK | |
r-devel-linux-x86_64-fedora-clang | 0.2.7 | 314.37 | NOTE | |||
r-devel-linux-x86_64-fedora-gcc | 0.2.7 | 310.96 | OK | |||
r-devel-windows-x86_64 | 0.2.7 | 79.00 | 228.00 | 307.00 | OK | |
r-devel-windows-x86_64-gcc10-UCRT | 0.2.7 | OK | ||||
r-patched-linux-x86_64 | 0.2.7 | 67.98 | 169.28 | 237.26 | OK | |
r-patched-solaris-x86 | 0.2.7 | 371.20 | OK | |||
r-release-linux-x86_64 | 0.2.7 | 61.53 | 167.71 | 229.24 | OK | |
r-release-macos-arm64 | 0.2.7 | OK | ||||
r-release-macos-x86_64 | 0.2.7 | OK | ||||
r-release-windows-ix86+x86_64 | 0.2.7 | 183.00 | 333.00 | 516.00 | OK | |
r-oldrel-macos-x86_64 | 0.2.7 | OK | ||||
r-oldrel-windows-ix86+x86_64 | 0.2.7 | 186.00 | 294.00 | 480.00 | OK |
Version: 0.2.7
Check: package dependencies
Result: NOTE
Imports includes 23 non-default packages.
Importing from so many packages makes the package vulnerable to any of
them becoming unavailable. Move as many as possible to Suggests and
use conditionally.
Flavor: r-devel-linux-x86_64-fedora-clang