CRAN Package Check Results for Package phylobase

Last updated on 2021-07-01 01:49:21 CEST.

Flavor Version Tinstall Tcheck Ttotal Status Flags
r-devel-linux-x86_64-debian-clang 0.8.10 38.99 151.63 190.62 OK
r-devel-linux-x86_64-debian-gcc 0.8.10 27.77 111.31 139.08 OK
r-devel-linux-x86_64-fedora-clang 0.8.10 237.42 OK
r-devel-linux-x86_64-fedora-gcc 0.8.10 221.86 OK
r-devel-windows-x86_64 0.8.10 57.00 192.00 249.00 OK
r-devel-windows-x86_64-gcc10-UCRT 0.8.10 OK
r-patched-linux-x86_64 0.8.10 33.65 139.47 173.12 OK
r-patched-solaris-x86 0.8.10 282.70 OK
r-release-linux-x86_64 0.8.10 31.74 139.13 170.87 OK
r-release-macos-arm64 0.8.10 OK
r-release-macos-x86_64 0.8.10 OK
r-release-windows-ix86+x86_64 0.8.10 86.00 244.00 330.00 OK
r-oldrel-macos-x86_64 0.8.10 NOTE
r-oldrel-windows-ix86+x86_64 0.8.10 83.00 248.00 331.00 OK

Check Details

Version: 0.8.10
Check: package dependencies
Result: NOTE
    Package suggested but not available for checking: ‘testthat’
Flavor: r-oldrel-macos-x86_64