Last updated on 2021-07-01 01:49:21 CEST.
Flavor | Version | Tinstall | Tcheck | Ttotal | Status | Flags |
---|---|---|---|---|---|---|
r-devel-linux-x86_64-debian-clang | 0.4.5 | 6.54 | 78.76 | 85.30 | OK | |
r-devel-linux-x86_64-debian-gcc | 0.4.5 | 5.90 | 59.88 | 65.78 | OK | |
r-devel-linux-x86_64-fedora-clang | 0.4.5 | 102.98 | NOTE | |||
r-devel-linux-x86_64-fedora-gcc | 0.4.5 | 103.75 | NOTE | |||
r-devel-windows-x86_64 | 0.4.5 | 8.00 | 102.00 | 110.00 | OK | |
r-devel-windows-x86_64-gcc10-UCRT | 0.4.5 | NOTE | ||||
r-patched-linux-x86_64 | 0.4.5 | 5.95 | 74.93 | 80.88 | OK | |
r-patched-solaris-x86 | 0.4.5 | 131.40 | NOTE | |||
r-release-linux-x86_64 | 0.4.5 | 8.28 | 74.58 | 82.86 | OK | |
r-release-macos-arm64 | 0.4.5 | NOTE | ||||
r-release-macos-x86_64 | 0.4.5 | NOTE | ||||
r-release-windows-ix86+x86_64 | 0.4.5 | 23.00 | 104.00 | 127.00 | OK | |
r-oldrel-macos-x86_64 | 0.4.5 | NOTE | ||||
r-oldrel-windows-ix86+x86_64 | 0.4.5 | 12.00 | 91.00 | 103.00 | OK |
Version: 0.4.5
Check: data for non-ASCII characters
Result: NOTE
Note: found 36 marked UTF-8 strings
Flavors: r-devel-linux-x86_64-fedora-clang, r-devel-linux-x86_64-fedora-gcc, r-devel-windows-x86_64-gcc10-UCRT, r-patched-solaris-x86, r-release-macos-arm64, r-release-macos-x86_64, r-oldrel-macos-x86_64