CRAN Package Check Results for Package pkgndep

Last updated on 2021-07-01 01:49:21 CEST.

Flavor Version Tinstall Tcheck Ttotal Status Flags
r-devel-linux-x86_64-debian-clang 1.0.3 12.25 132.92 145.17 OK
r-devel-linux-x86_64-debian-gcc 1.0.3 8.37 102.08 110.45 OK
r-devel-linux-x86_64-fedora-clang 1.0.3 176.59 OK
r-devel-linux-x86_64-fedora-gcc 1.0.3 176.06 OK
r-devel-windows-x86_64 1.0.3 13.00 155.00 168.00 OK
r-devel-windows-x86_64-gcc10-UCRT 1.0.3 OK
r-patched-linux-x86_64 1.0.3 9.99 125.88 135.87 OK
r-patched-solaris-x86 1.0.3 254.10 OK
r-release-linux-x86_64 1.0.3 11.84 125.67 137.51 OK
r-release-macos-arm64 1.0.3 ERROR
r-release-macos-x86_64 1.0.3 OK
r-release-windows-ix86+x86_64 1.0.3 42.00 140.00 182.00 OK
r-oldrel-macos-x86_64 1.0.3 OK
r-oldrel-windows-ix86+x86_64 1.0.3 26.00 156.00 182.00 OK

Check Details

Version: 1.0.3
Check: package dependencies
Result: ERROR
    Package required but not available: ‘ComplexHeatmap’
    
    See section ‘The DESCRIPTION file’ in the ‘Writing R Extensions’
    manual.
Flavor: r-release-macos-arm64