Last updated on 2021-07-01 01:49:21 CEST.
Flavor | Version | Tinstall | Tcheck | Ttotal | Status | Flags |
---|---|---|---|---|---|---|
r-devel-linux-x86_64-debian-clang | 0.8-1 | 27.66 | 257.21 | 284.87 | OK | |
r-devel-linux-x86_64-debian-gcc | 0.8-1 | 21.87 | 187.42 | 209.29 | OK | |
r-devel-linux-x86_64-fedora-clang | 0.8-1 | 337.29 | NOTE | |||
r-devel-linux-x86_64-fedora-gcc | 0.8-1 | 304.41 | OK | |||
r-devel-windows-x86_64 | 0.8-1 | 40.00 | 289.00 | 329.00 | OK | |
r-devel-windows-x86_64-gcc10-UCRT | 0.8-1 | OK | ||||
r-patched-linux-x86_64 | 0.8-1 | 27.65 | 239.11 | 266.76 | OK | |
r-patched-solaris-x86 | 0.8-1 | 484.00 | OK | |||
r-release-linux-x86_64 | 0.8-1 | 23.33 | 238.86 | 262.19 | OK | |
r-release-macos-arm64 | 0.8-1 | ERROR | ||||
r-release-macos-x86_64 | 0.8-1 | OK | ||||
r-release-windows-ix86+x86_64 | 0.8-1 | 75.00 | 300.00 | 375.00 | OK | |
r-oldrel-macos-x86_64 | 0.8-1 | OK | ||||
r-oldrel-windows-ix86+x86_64 | 0.8-1 | 55.00 | 249.00 | 304.00 | OK |
Version: 0.8-1
Check: package dependencies
Result: NOTE
Imports includes 22 non-default packages.
Importing from so many packages makes the package vulnerable to any of
them becoming unavailable. Move as many as possible to Suggests and
use conditionally.
Flavor: r-devel-linux-x86_64-fedora-clang
Version: 0.8-1
Check: package dependencies
Result: ERROR
Package required but not available: ‘landmap’
See section ‘The DESCRIPTION file’ in the ‘Writing R Extensions’
manual.
Flavor: r-release-macos-arm64