Last updated on 2021-07-01 01:49:21 CEST.
Flavor | Version | Tinstall | Tcheck | Ttotal | Status | Flags |
---|---|---|---|---|---|---|
r-devel-linux-x86_64-debian-clang | 2.0.1 | 3.00 | 47.57 | 50.57 | OK | |
r-devel-linux-x86_64-debian-gcc | 2.0.1 | 2.34 | 36.20 | 38.54 | OK | |
r-devel-linux-x86_64-fedora-clang | 2.0.1 | 68.36 | NOTE | |||
r-devel-linux-x86_64-fedora-gcc | 2.0.1 | 58.76 | OK | |||
r-devel-windows-x86_64 | 2.0.1 | 4.00 | 70.00 | 74.00 | OK | |
r-devel-windows-x86_64-gcc10-UCRT | 2.0.1 | OK | ||||
r-patched-linux-x86_64 | 2.0.1 | 3.81 | 44.74 | 48.55 | OK | |
r-patched-solaris-x86 | 2.0.1 | 88.60 | OK | |||
r-release-linux-x86_64 | 2.0.1 | 3.04 | 45.12 | 48.16 | OK | |
r-release-macos-arm64 | 2.0.1 | OK | ||||
r-release-macos-x86_64 | 2.0.1 | OK | ||||
r-release-windows-ix86+x86_64 | 2.0.1 | 5.00 | 57.00 | 62.00 | OK | |
r-oldrel-macos-x86_64 | 2.0.1 | OK | ||||
r-oldrel-windows-ix86+x86_64 | 2.0.1 | 7.00 | 71.00 | 78.00 | OK |
Version: 2.0.1
Check: Rd cross-references
Result: NOTE
Undeclared package ‘scape’ in Rd xrefs
Flavor: r-devel-linux-x86_64-fedora-clang