CRAN Package Check Results for Package plotSEMM

Last updated on 2021-07-01 01:49:21 CEST.

Flavor Version Tinstall Tcheck Ttotal Status Flags
r-devel-linux-x86_64-debian-clang 2.4 18.19 78.80 96.99 NOTE
r-devel-linux-x86_64-debian-gcc 2.4 13.97 58.89 72.86 NOTE
r-devel-linux-x86_64-fedora-clang 2.4 124.18 NOTE
r-devel-linux-x86_64-fedora-gcc 2.4 113.26 NOTE
r-devel-windows-x86_64 2.4 18.00 100.00 118.00 NOTE
r-devel-windows-x86_64-gcc10-UCRT 2.4 NOTE
r-patched-linux-x86_64 2.4 16.00 73.04 89.04 NOTE
r-patched-solaris-x86 2.4 156.00 NOTE
r-release-linux-x86_64 2.4 15.09 72.70 87.79 NOTE
r-release-macos-arm64 2.4 NOTE
r-release-macos-x86_64 2.4 NOTE
r-release-windows-ix86+x86_64 2.4 58.00 127.00 185.00 NOTE
r-oldrel-macos-x86_64 2.4 OK
r-oldrel-windows-ix86+x86_64 2.4 45.00 119.00 164.00 OK

Check Details

Version: 2.4
Check: LazyData
Result: NOTE
     'LazyData' is specified without a 'data' directory
Flavors: r-devel-linux-x86_64-debian-clang, r-devel-linux-x86_64-debian-gcc, r-devel-linux-x86_64-fedora-clang, r-devel-linux-x86_64-fedora-gcc, r-devel-windows-x86_64, r-devel-windows-x86_64-gcc10-UCRT, r-patched-linux-x86_64, r-patched-solaris-x86, r-release-linux-x86_64, r-release-macos-arm64, r-release-macos-x86_64, r-release-windows-ix86+x86_64