CRAN Package Check Results for Package png

Last updated on 2021-07-01 01:49:21 CEST.

Flavor Version Tinstall Tcheck Ttotal Status Flags
r-devel-linux-x86_64-debian-clang 0.1-7 2.78 20.37 23.15 OK
r-devel-linux-x86_64-debian-gcc 0.1-7 2.07 15.97 18.04 OK
r-devel-linux-x86_64-fedora-clang 0.1-7 36.24 NOTE
r-devel-linux-x86_64-fedora-gcc 0.1-7 26.95 NOTE
r-devel-windows-x86_64 0.1-7 7.00 31.00 38.00 OK
r-devel-windows-x86_64-gcc10-UCRT 0.1-7 OK
r-patched-linux-x86_64 0.1-7 2.57 19.83 22.40 OK
r-patched-solaris-x86 0.1-7 45.10 OK
r-release-linux-x86_64 0.1-7 2.64 19.62 22.26 OK
r-release-macos-arm64 0.1-7 OK
r-release-macos-x86_64 0.1-7 OK
r-release-windows-ix86+x86_64 0.1-7 11.00 30.00 41.00 OK
r-oldrel-macos-x86_64 0.1-7 OK
r-oldrel-windows-ix86+x86_64 0.1-7 11.00 30.00 41.00 OK

Check Details

Version: 0.1-7
Check: compiled code
Result: NOTE
    File ‘png/libs/png.so’:
     Found no calls to: ‘R_registerRoutines’, ‘R_useDynamicSymbols’
    
    It is good practice to register native routines and to disable symbol
    search.
    
    See ‘Writing portable packages’ in the ‘Writing R Extensions’ manual.
Flavors: r-devel-linux-x86_64-fedora-clang, r-devel-linux-x86_64-fedora-gcc