Last updated on 2021-07-01 01:49:21 CEST.
Flavor | Version | Tinstall | Tcheck | Ttotal | Status | Flags |
---|---|---|---|---|---|---|
r-devel-linux-x86_64-debian-clang | 3.1.0 | 32.53 | 312.36 | 344.89 | NOTE | |
r-devel-linux-x86_64-debian-gcc | 3.1.0 | 28.74 | 231.74 | 260.48 | NOTE | |
r-devel-linux-x86_64-fedora-clang | 3.1.0 | 399.37 | NOTE | |||
r-devel-linux-x86_64-fedora-gcc | 3.1.0 | 389.59 | NOTE | |||
r-devel-windows-x86_64 | 3.1.0 | 34.00 | 276.00 | 310.00 | OK | |
r-devel-windows-x86_64-gcc10-UCRT | 3.1.0 | OK | ||||
r-patched-linux-x86_64 | 3.1.0 | 29.76 | 295.10 | 324.86 | NOTE | |
r-patched-solaris-x86 | 3.1.0 | 472.60 | NOTE | |||
r-release-linux-x86_64 | 3.1.0 | 28.08 | 297.37 | 325.45 | NOTE | |
r-release-macos-arm64 | 3.1.0 | ERROR | ||||
r-release-macos-x86_64 | 3.1.0 | OK | ||||
r-release-windows-ix86+x86_64 | 3.1.0 | 60.00 | 265.00 | 325.00 | OK | |
r-oldrel-macos-x86_64 | 3.1.0 | OK | ||||
r-oldrel-windows-ix86+x86_64 | 3.1.0 | 61.00 | 231.00 | 292.00 | OK |
Version: 3.1.0
Check: for non-standard things in the check directory
Result: NOTE
Found the following files/directories:
'AbsorbedDrugMetabolites' 'CorrelationResults'
'EndogenousMetabolites' 'HeatMap' 'PKresults'
'SecondAbsorbedMetabolites' 'preprocessed-data'
Flavors: r-devel-linux-x86_64-debian-clang, r-devel-linux-x86_64-debian-gcc, r-devel-linux-x86_64-fedora-clang, r-devel-linux-x86_64-fedora-gcc, r-patched-linux-x86_64, r-patched-solaris-x86, r-release-linux-x86_64
Version: 3.1.0
Check: package dependencies
Result: ERROR
Packages required but not available:
'pcaMethods', 'imputeLCMD', 'mixOmics', 'ropls'
See section ‘The DESCRIPTION file’ in the ‘Writing R Extensions’
manual.
Flavor: r-release-macos-arm64