CRAN Package Check Results for Package polymapR

Last updated on 2021-07-01 01:49:21 CEST.

Flavor Version Tinstall Tcheck Ttotal Status Flags
r-devel-linux-x86_64-debian-clang 1.1.2 447.92 1243.51 1691.43 OK
r-devel-linux-x86_64-debian-gcc 1.1.2 382.25 849.00 1231.25 OK
r-devel-linux-x86_64-fedora-clang 1.1.2 1420.20 NOTE
r-devel-linux-x86_64-fedora-gcc 1.1.2 1443.46 OK
r-devel-windows-x86_64 1.1.2 821.00 1067.00 1888.00 NOTE
r-devel-windows-x86_64-gcc10-UCRT 1.1.2 OK
r-patched-linux-x86_64 1.1.2 417.06 1161.23 1578.29 OK
r-patched-solaris-x86 1.1.2 2340.50 NOTE
r-release-linux-x86_64 1.1.2 462.16 1159.48 1621.64 OK
r-release-macos-arm64 1.1.2 NOTE
r-release-macos-x86_64 1.1.2 NOTE
r-release-windows-ix86+x86_64 1.1.2 912.00 960.00 1872.00 NOTE
r-oldrel-macos-x86_64 1.1.2 NOTE
r-oldrel-windows-ix86+x86_64 1.1.2 681.00 787.00 1468.00 NOTE

Check Details

Version: 1.1.2
Check: installed package size
Result: NOTE
     installed size is 12.1Mb
     sub-directories of 1Mb or more:
     R 6.5Mb
     data 4.6Mb
Flavors: r-devel-linux-x86_64-fedora-clang, r-devel-windows-x86_64, r-patched-solaris-x86, r-release-macos-arm64, r-release-macos-x86_64, r-release-windows-ix86+x86_64, r-oldrel-macos-x86_64, r-oldrel-windows-ix86+x86_64

Version: 1.1.2
Check: package dependencies
Result: NOTE
    Package suggested but not available for checking: ‘polyRAD’
Flavor: r-release-macos-arm64

Version: 1.1.2
Check: Rd cross-references
Result: NOTE
    Package unavailable to check Rd xrefs: ‘polyRAD’
Flavor: r-release-macos-arm64