CRAN Package Check Results for Package prcbench

Last updated on 2021-07-01 01:49:21 CEST.

Flavor Version Tinstall Tcheck Ttotal Status Flags
r-devel-linux-x86_64-debian-clang 1.0.1 10.81 262.40 273.21 OK
r-devel-linux-x86_64-debian-gcc 1.0.1 8.23 203.23 211.46 OK
r-devel-linux-x86_64-fedora-clang 1.0.1 298.73 OK
r-devel-linux-x86_64-fedora-gcc 1.0.1 358.84 OK
r-devel-windows-x86_64 1.0.1 13.00 360.00 373.00 OK
r-devel-windows-x86_64-gcc10-UCRT 1.0.1 OK
r-patched-linux-x86_64 1.0.1 11.71 241.81 253.52 OK
r-patched-solaris-x86 1.0.1 495.90 OK
r-release-linux-x86_64 1.0.1 12.48 241.47 253.95 OK
r-release-macos-arm64 1.0.1 ERROR
r-release-macos-x86_64 1.0.1 OK
r-release-windows-ix86+x86_64 1.0.1 26.00 348.00 374.00 OK
r-oldrel-macos-x86_64 1.0.1 OK
r-oldrel-windows-ix86+x86_64 1.0.1 24.00 328.00 352.00 OK

Check Details

Version: 1.0.1
Check: package dependencies
Result: NOTE
    Package suggested but not available for checking: ‘PerfMeas’
Flavor: r-release-macos-arm64

Version: 1.0.1
Check: examples
Result: ERROR
    Running examples in ‘prcbench-Ex.R’ failed
    The error most likely occurred in:
    
    > ### Name: ToolAUCCalculator
    > ### Title: ToolAUCCalculator
    > ### Aliases: ToolAUCCalculator
    >
    > ### ** Examples
    >
    > ## Initialization
    > toolauccalc <- ToolAUCCalculator$new()
Flavor: r-release-macos-arm64

Version: 1.0.1
Check: tests
Result: ERROR
     Running ‘testthat.R’ [14s/17s]
    Running the tests in ‘tests/testthat.R’ failed.
    Complete output:
     > #' @importFrom prcbench
     >
     > library(testthat)
     >
     > test_check("prcbench")
     Loading required package: prcbench
Flavor: r-release-macos-arm64

Version: 1.0.1
Check: re-building of vignette outputs
Result: WARN
    Error(s) in re-building vignettes:
     ...
    --- re-building ‘introduction.Rmd’ using rmarkdown
    Warning in engine$weave(file, quiet = quiet, encoding = enc) :
     Pandoc (>= 1.12.3) not available. Falling back to R Markdown v1.
Flavor: r-release-macos-arm64