CRAN Package Check Results for Package prettifyAddins

Last updated on 2021-07-01 01:49:22 CEST.

Flavor Version Tinstall Tcheck Ttotal Status Flags
r-devel-linux-x86_64-debian-clang 2.0.3 5.85 50.59 56.44 NOTE
r-devel-linux-x86_64-debian-gcc 2.0.3 4.29 38.96 43.25 NOTE
r-devel-linux-x86_64-fedora-clang 2.0.3 75.24 NOTE
r-devel-linux-x86_64-fedora-gcc 2.0.3 66.73 NOTE
r-devel-windows-x86_64 2.0.3 7.00 71.00 78.00 NOTE
r-devel-windows-x86_64-gcc10-UCRT 2.0.3 NOTE
r-patched-linux-x86_64 2.0.3 5.59 48.77 54.36 NOTE
r-patched-solaris-x86 2.0.3 106.00 NOTE
r-release-linux-x86_64 2.0.3 6.13 48.33 54.46 NOTE
r-release-macos-arm64 2.0.3 NOTE
r-release-macos-x86_64 2.0.3 NOTE
r-release-windows-ix86+x86_64 2.0.3 21.00 70.00 91.00 NOTE
r-oldrel-macos-x86_64 2.0.3 OK
r-oldrel-windows-ix86+x86_64 2.0.3 14.00 64.00 78.00 OK

Check Details

Version: 2.0.3
Check: LazyData
Result: NOTE
     'LazyData' is specified without a 'data' directory
Flavors: r-devel-linux-x86_64-debian-clang, r-devel-linux-x86_64-debian-gcc, r-devel-linux-x86_64-fedora-clang, r-devel-linux-x86_64-fedora-gcc, r-devel-windows-x86_64, r-devel-windows-x86_64-gcc10-UCRT, r-patched-linux-x86_64, r-patched-solaris-x86, r-release-linux-x86_64, r-release-macos-arm64, r-release-macos-x86_64, r-release-windows-ix86+x86_64