CRAN Package Check Results for Package primefactr

Last updated on 2021-07-01 01:49:22 CEST.

Flavor Version Tinstall Tcheck Ttotal Status Flags
r-devel-linux-x86_64-debian-clang 0.1.1 1.75 26.15 27.90 NOTE
r-devel-linux-x86_64-debian-gcc 0.1.1 1.53 20.38 21.91 NOTE
r-devel-linux-x86_64-fedora-clang 0.1.1 43.35 NOTE
r-devel-linux-x86_64-fedora-gcc 0.1.1 32.88 NOTE
r-devel-windows-x86_64 0.1.1 3.00 43.00 46.00 NOTE
r-devel-windows-x86_64-gcc10-UCRT 0.1.1 NOTE
r-patched-linux-x86_64 0.1.1 1.87 25.57 27.44 NOTE
r-patched-solaris-x86 0.1.1 53.10 NOTE
r-release-linux-x86_64 0.1.1 1.86 25.29 27.15 NOTE
r-release-macos-arm64 0.1.1 NOTE
r-release-macos-x86_64 0.1.1 NOTE
r-release-windows-ix86+x86_64 0.1.1 4.00 38.00 42.00 NOTE
r-oldrel-macos-x86_64 0.1.1 OK
r-oldrel-windows-ix86+x86_64 0.1.1 5.00 42.00 47.00 OK

Check Details

Version: 0.1.1
Check: LazyData
Result: NOTE
     'LazyData' is specified without a 'data' directory
Flavors: r-devel-linux-x86_64-debian-clang, r-devel-linux-x86_64-debian-gcc, r-devel-linux-x86_64-fedora-clang, r-devel-linux-x86_64-fedora-gcc, r-devel-windows-x86_64, r-devel-windows-x86_64-gcc10-UCRT, r-patched-linux-x86_64, r-patched-solaris-x86, r-release-linux-x86_64, r-release-macos-arm64, r-release-macos-x86_64, r-release-windows-ix86+x86_64