CRAN Package Check Results for Package printr

Last updated on 2021-07-01 01:49:22 CEST.

Flavor Version Tinstall Tcheck Ttotal Status Flags
r-devel-linux-x86_64-debian-clang 0.1.1 2.05 28.56 30.61 NOTE
r-devel-linux-x86_64-debian-gcc 0.1.1 1.81 22.38 24.19 NOTE
r-devel-linux-x86_64-fedora-clang 0.1.1 46.49 NOTE
r-devel-linux-x86_64-fedora-gcc 0.1.1 121.36 NOTE
r-devel-windows-x86_64 0.1.1 4.00 45.00 49.00 NOTE
r-devel-windows-x86_64-gcc10-UCRT 0.1.1 NOTE
r-patched-linux-x86_64 0.1.1 2.31 27.46 29.77 NOTE
r-patched-solaris-x86 0.1.1 57.70 NOTE
r-release-linux-x86_64 0.1.1 2.18 27.68 29.86 NOTE
r-release-macos-arm64 0.1.1 NOTE
r-release-macos-x86_64 0.1.1 NOTE
r-release-windows-ix86+x86_64 0.1.1 21.00 40.00 61.00 NOTE
r-oldrel-macos-x86_64 0.1.1 OK
r-oldrel-windows-ix86+x86_64 0.1.1 6.00 44.00 50.00 OK

Check Details

Version: 0.1.1
Check: LazyData
Result: NOTE
     'LazyData' is specified without a 'data' directory
Flavors: r-devel-linux-x86_64-debian-clang, r-devel-linux-x86_64-debian-gcc, r-devel-linux-x86_64-fedora-clang, r-devel-linux-x86_64-fedora-gcc, r-devel-windows-x86_64, r-devel-windows-x86_64-gcc10-UCRT, r-patched-linux-x86_64, r-patched-solaris-x86, r-release-linux-x86_64, r-release-macos-arm64, r-release-macos-x86_64, r-release-windows-ix86+x86_64