CRAN Package Check Results for Package protolite

Last updated on 2021-07-01 01:49:22 CEST.

Flavor Version Tinstall Tcheck Ttotal Status Flags
r-devel-linux-x86_64-debian-clang 2.1 74.18 32.46 106.64 OK
r-devel-linux-x86_64-debian-gcc 2.1 50.13 25.14 75.27 OK
r-devel-linux-x86_64-fedora-clang 2.1 160.03 NOTE
r-devel-linux-x86_64-fedora-gcc 2.1 137.35 NOTE
r-devel-windows-x86_64 2.1 78.00 69.00 147.00 OK
r-devel-windows-x86_64-gcc10-UCRT 2.1 OK
r-patched-linux-x86_64 2.1 59.09 30.76 89.85 OK
r-patched-solaris-x86 2.1 138.80 NOTE
r-release-linux-x86_64 2.1 58.97 30.69 89.66 OK
r-release-macos-arm64 2.1 ERROR
r-release-macos-x86_64 2.1 NOTE
r-release-windows-ix86+x86_64 2.1 139.00 82.00 221.00 OK
r-oldrel-macos-x86_64 2.1 NOTE
r-oldrel-windows-ix86+x86_64 2.1 180.00 78.00 258.00 OK

Additional issues

gcc-UBSAN

Check Details

Version: 2.1
Check: top-level files
Result: NOTE
    ‘configure’: ‘env bash’ is not portable as bash need not be installed
Flavors: r-devel-linux-x86_64-fedora-clang, r-devel-linux-x86_64-fedora-gcc

Version: 2.1
Check: package dependencies
Result: NOTE
    Package suggested but not available for checking: ‘RProtoBuf’
Flavor: r-patched-solaris-x86

Version: 2.1
Check: package dependencies
Result: NOTE
    Package suggested but not available for checking: ‘sf’
Flavor: r-release-macos-arm64

Version: 2.1
Check: installed package size
Result: NOTE
     installed size is 28.3Mb
     sub-directories of 1Mb or more:
     libs 28.2Mb
Flavors: r-release-macos-arm64, r-release-macos-x86_64, r-oldrel-macos-x86_64

Version: 2.1
Check: Rd cross-references
Result: NOTE
    Package unavailable to check Rd xrefs: ‘sf’
Flavor: r-release-macos-arm64

Version: 2.1
Check: tests
Result: ERROR
     Running ‘spelling.R’ [0s/0s]
     Running ‘testthat.R’ [0s/0s]
    Running the tests in ‘tests/testthat.R’ failed.
    Last 13 lines of output:
     >
     > test_check("protolite")
     ══ Failed tests ════════════════════════════════════════════════════════════════
     ── Error (test-mapbox.R:4:1): (code run outside of `test_that()`) ──────────────
     Error: there is no package called 'sf'
     Backtrace:
     █
     1. └─base::loadNamespace(x) test-mapbox.R:4:0
     2. └─base::withRestarts(stop(cond), retry_loadNamespace = function() NULL)
     3. └─base:::withOneRestart(expr, restarts[[1L]])
     4. └─base:::doWithOneRestart(return(expr), restart)
    
     [ FAIL 1 | WARN 0 | SKIP 0 | PASS 13 ]
     Error: Test failures
     Execution halted
Flavor: r-release-macos-arm64