CRAN Package Check Results for Package psychTools

Last updated on 2021-07-01 01:49:22 CEST.

Flavor Version Tinstall Tcheck Ttotal Status Flags
r-devel-linux-x86_64-debian-clang 2.1.6 5.09 247.19 252.28 OK
r-devel-linux-x86_64-debian-gcc 2.1.6 4.05 181.05 185.10 OK
r-devel-linux-x86_64-fedora-clang 2.1.6 308.61 OK
r-devel-linux-x86_64-fedora-gcc 2.1.6 287.92 OK
r-devel-windows-x86_64 2.1.6 6.00 298.00 304.00 OK
r-devel-windows-x86_64-gcc10-UCRT 2.1.6 OK
r-patched-linux-x86_64 2.1.6 9.82 235.15 244.97 OK
r-patched-solaris-x86 2.1.6 381.00 NOTE
r-release-linux-x86_64 2.1.6 5.34 235.70 241.04 OK
r-release-macos-arm64 2.1.6 OK
r-release-macos-x86_64 2.1.6 OK
r-release-windows-ix86+x86_64 2.1.6 9.00 278.00 287.00 OK
r-oldrel-macos-x86_64 2.1.6 OK
r-oldrel-windows-ix86+x86_64 2.1.6 11.00 298.00 309.00 OK

Check Details

Version: 2.1.6
Check: installed package size
Result: NOTE
     installed size is 5.4Mb
     sub-directories of 1Mb or more:
     data 1.1Mb
     doc 3.8Mb
Flavor: r-patched-solaris-x86