CRAN Package Check Results for Package ptest

Last updated on 2021-07-01 01:49:22 CEST.

Flavor Version Tinstall Tcheck Ttotal Status Flags
r-devel-linux-x86_64-debian-clang 1.0-8 10.46 99.99 110.45 OK
r-devel-linux-x86_64-debian-gcc 1.0-8 8.74 74.60 83.34 OK
r-devel-linux-x86_64-fedora-clang 1.0-8 137.34 NOTE
r-devel-linux-x86_64-fedora-gcc 1.0-8 129.51 NOTE
r-devel-windows-x86_64 1.0-8 16.00 126.00 142.00 OK
r-devel-windows-x86_64-gcc10-UCRT 1.0-8 OK
r-patched-linux-x86_64 1.0-8 14.49 96.26 110.75 OK
r-patched-solaris-x86 1.0-8 189.60 OK
r-release-linux-x86_64 1.0-8 9.86 95.65 105.51 OK
r-release-macos-arm64 1.0-8 OK
r-release-macos-x86_64 1.0-8 OK
r-release-windows-ix86+x86_64 1.0-8 43.00 139.00 182.00 OK
r-oldrel-macos-x86_64 1.0-8 OK
r-oldrel-windows-ix86+x86_64 1.0-8 26.00 158.00 184.00 OK

Check Details

Version: 1.0-8
Check: compiled code
Result: NOTE
    File ‘ptest/libs/ptest.so’:
     Found no calls to: ‘R_registerRoutines’, ‘R_useDynamicSymbols’
    
    It is good practice to register native routines and to disable symbol
    search.
    
    See ‘Writing portable packages’ in the ‘Writing R Extensions’ manual.
Flavors: r-devel-linux-x86_64-fedora-clang, r-devel-linux-x86_64-fedora-gcc