CRAN Package Check Results for Package purrrlyr

Last updated on 2021-07-01 01:49:22 CEST.

Flavor Version Tinstall Tcheck Ttotal Status Flags
r-devel-linux-x86_64-debian-clang 0.0.7 50.01 51.36 101.37 NOTE
r-devel-linux-x86_64-debian-gcc 0.0.7 32.51 37.09 69.60 NOTE
r-devel-linux-x86_64-fedora-clang 0.0.7 143.20 NOTE
r-devel-linux-x86_64-fedora-gcc 0.0.7 119.88 NOTE
r-devel-windows-x86_64 0.0.7 60.00 76.00 136.00 NOTE
r-devel-windows-x86_64-gcc10-UCRT 0.0.7 NOTE
r-patched-linux-x86_64 0.0.7 41.88 46.24 88.12 NOTE
r-patched-solaris-x86 0.0.7 132.40 NOTE
r-release-linux-x86_64 0.0.7 36.61 46.73 83.34 NOTE
r-release-macos-arm64 0.0.7 NOTE
r-release-macos-x86_64 0.0.7 NOTE
r-release-windows-ix86+x86_64 0.0.7 107.00 101.00 208.00 NOTE
r-oldrel-macos-x86_64 0.0.7 OK
r-oldrel-windows-ix86+x86_64 0.0.7 113.00 94.00 207.00 OK

Additional issues

rchk

Check Details

Version: 0.0.7
Check: LazyData
Result: NOTE
     'LazyData' is specified without a 'data' directory
Flavors: r-devel-linux-x86_64-debian-clang, r-devel-linux-x86_64-debian-gcc, r-devel-linux-x86_64-fedora-clang, r-devel-linux-x86_64-fedora-gcc, r-devel-windows-x86_64, r-devel-windows-x86_64-gcc10-UCRT, r-patched-linux-x86_64, r-patched-solaris-x86, r-release-linux-x86_64, r-release-macos-arm64, r-release-macos-x86_64, r-release-windows-ix86+x86_64