Last updated on 2021-07-01 01:49:22 CEST.
Flavor | Version | Tinstall | Tcheck | Ttotal | Status | Flags |
---|---|---|---|---|---|---|
r-devel-linux-x86_64-debian-clang | 1.1.0-0 | 38.33 | 28.41 | 66.74 | OK | |
r-devel-linux-x86_64-debian-gcc | 1.1.0-0 | 27.63 | 23.47 | 51.10 | OK | |
r-devel-linux-x86_64-fedora-clang | 1.1.0-0 | 96.25 | NOTE | |||
r-devel-linux-x86_64-fedora-gcc | 1.1.0-0 | 86.67 | OK | |||
r-devel-windows-x86_64 | 1.1.0-0 | 33.00 | 58.00 | 91.00 | OK | |
r-devel-windows-x86_64-gcc10-UCRT | 1.1.0-0 | OK | ||||
r-patched-linux-x86_64 | 1.1.0-0 | 30.41 | 29.18 | 59.59 | OK | |
r-patched-solaris-x86 | 1.1.0-0 | 83.80 | OK | |||
r-release-linux-x86_64 | 1.1.0-0 | 32.82 | 28.78 | 61.60 | OK | |
r-release-macos-arm64 | 1.1.0-0 | NOTE | ||||
r-release-macos-x86_64 | 1.1.0-0 | NOTE | ||||
r-release-windows-ix86+x86_64 | 1.1.0-0 | 64.00 | 58.00 | 122.00 | OK | |
r-oldrel-macos-x86_64 | 1.1.0-0 | NOTE | ||||
r-oldrel-windows-ix86+x86_64 | 1.1.0-0 | 61.00 | 58.00 | 119.00 | OK |
Version: 1.1.0-0
Check: installed package size
Result: NOTE
installed size is 7.9Mb
sub-directories of 1Mb or more:
libs 7.6Mb
Flavors: r-devel-linux-x86_64-fedora-clang, r-release-macos-arm64, r-release-macos-x86_64, r-oldrel-macos-x86_64