Last updated on 2021-07-01 01:49:22 CEST.
Flavor | Version | Tinstall | Tcheck | Ttotal | Status | Flags |
---|---|---|---|---|---|---|
r-devel-linux-x86_64-debian-clang | 2019-12-03-1 | 3.32 | 44.57 | 47.89 | OK | |
r-devel-linux-x86_64-debian-gcc | 2019-12-03-1 | 2.52 | 35.67 | 38.19 | OK | |
r-devel-linux-x86_64-fedora-clang | 2019-12-03-1 | 66.32 | NOTE | |||
r-devel-linux-x86_64-fedora-gcc | 2019-12-03-1 | 56.38 | OK | |||
r-devel-windows-x86_64 | 2019-12-03-1 | 4.00 | 67.00 | 71.00 | NOTE | |
r-devel-windows-x86_64-gcc10-UCRT | 2019-12-03-1 | OK | ||||
r-patched-linux-x86_64 | 2019-12-03-1 | 5.25 | 43.59 | 48.84 | OK | |
r-patched-solaris-x86 | 2019-12-03-1 | 94.00 | NOTE | |||
r-release-linux-x86_64 | 2019-12-03-1 | 3.31 | 43.45 | 46.76 | OK | |
r-release-macos-arm64 | 2019-12-03-1 | NOTE | ||||
r-release-macos-x86_64 | 2019-12-03-1 | NOTE | ||||
r-release-windows-ix86+x86_64 | 2019-12-03-1 | 5.00 | 58.00 | 63.00 | NOTE | |
r-oldrel-macos-x86_64 | 2019-12-03-1 | NOTE | ||||
r-oldrel-windows-ix86+x86_64 | 2019-12-03-1 | 9.00 | 71.00 | 80.00 | NOTE |
Version: 2019-12-03-1
Check: installed package size
Result: NOTE
installed size is 11.0Mb
sub-directories of 1Mb or more:
data 10.8Mb
Flavors: r-devel-linux-x86_64-fedora-clang, r-devel-windows-x86_64, r-patched-solaris-x86, r-release-macos-arm64, r-release-macos-x86_64, r-release-windows-ix86+x86_64, r-oldrel-macos-x86_64, r-oldrel-windows-ix86+x86_64