Last updated on 2021-07-01 01:49:22 CEST.
Flavor | Version | Tinstall | Tcheck | Ttotal | Status | Flags |
---|---|---|---|---|---|---|
r-devel-linux-x86_64-debian-clang | 2.1.1 | 9.27 | 78.86 | 88.13 | OK | |
r-devel-linux-x86_64-debian-gcc | 2.1.1 | 7.39 | 61.00 | 68.39 | OK | |
r-devel-linux-x86_64-fedora-clang | 2.1.1 | 114.34 | NOTE | |||
r-devel-linux-x86_64-fedora-gcc | 2.1.1 | 106.00 | NOTE | |||
r-devel-windows-x86_64 | 2.1.1 | 14.00 | 98.00 | 112.00 | OK | |
r-devel-windows-x86_64-gcc10-UCRT | 2.1.1 | NOTE | ||||
r-patched-linux-x86_64 | 2.1.1 | 8.73 | 75.99 | 84.72 | OK | |
r-patched-solaris-x86 | 2.1.1 | 158.80 | NOTE | |||
r-release-linux-x86_64 | 2.1.1 | 8.77 | 75.89 | 84.66 | OK | |
r-release-macos-arm64 | 2.1.1 | NOTE | ||||
r-release-macos-x86_64 | 2.1.1 | NOTE | ||||
r-release-windows-ix86+x86_64 | 2.1.1 | 40.00 | 83.00 | 123.00 | OK | |
r-oldrel-macos-x86_64 | 2.1.1 | NOTE | ||||
r-oldrel-windows-ix86+x86_64 | 2.1.1 | 21.00 | 105.00 | 126.00 | OK |
Version: 2.1.1
Check: dependencies in R code
Result: NOTE
Namespace in Imports field not imported from: ‘SparseM’
All declared Imports should be used.
Flavors: r-devel-linux-x86_64-fedora-clang, r-devel-linux-x86_64-fedora-gcc, r-devel-windows-x86_64-gcc10-UCRT, r-patched-solaris-x86, r-release-macos-arm64, r-release-macos-x86_64, r-oldrel-macos-x86_64