CRAN Package Check Results for Package rAmCharts

Last updated on 2021-07-01 01:49:23 CEST.

Flavor Version Tinstall Tcheck Ttotal Status Flags
r-devel-linux-x86_64-debian-clang 2.1.13 21.31 122.70 144.01 OK
r-devel-linux-x86_64-debian-gcc 2.1.13 13.17 87.98 101.15 OK
r-devel-linux-x86_64-fedora-clang 2.1.13 160.39 NOTE
r-devel-linux-x86_64-fedora-gcc 2.1.13 145.98 OK
r-devel-windows-x86_64 2.1.13 22.00 144.00 166.00 NOTE
r-devel-windows-x86_64-gcc10-UCRT 2.1.13 OK
r-patched-linux-x86_64 2.1.13 17.89 108.66 126.55 OK
r-patched-solaris-x86 2.1.13 181.60 NOTE
r-release-linux-x86_64 2.1.13 14.43 108.25 122.68 OK
r-release-macos-arm64 2.1.13 NOTE
r-release-macos-x86_64 2.1.13 NOTE
r-release-windows-ix86+x86_64 2.1.13 36.00 132.00 168.00 NOTE
r-oldrel-macos-x86_64 2.1.13 NOTE
r-oldrel-windows-ix86+x86_64 2.1.13 32.00 128.00 160.00 NOTE

Check Details

Version: 2.1.13
Check: installed package size
Result: NOTE
     installed size is 12.0Mb
     sub-directories of 1Mb or more:
     api 3.2Mb
     htmlwidgets 7.1Mb
Flavors: r-devel-linux-x86_64-fedora-clang, r-devel-windows-x86_64, r-patched-solaris-x86, r-release-macos-arm64, r-release-macos-x86_64, r-release-windows-ix86+x86_64, r-oldrel-macos-x86_64, r-oldrel-windows-ix86+x86_64