CRAN Package Check Results for Package rTensor

Last updated on 2021-07-01 01:49:25 CEST.

Flavor Version Tinstall Tcheck Ttotal Status Flags
r-devel-linux-x86_64-debian-clang 1.4.8 5.62 37.09 42.71 OK
r-devel-linux-x86_64-debian-gcc 1.4.8 3.95 28.86 32.81 OK
r-devel-linux-x86_64-fedora-clang 1.4.8 60.11 OK
r-devel-linux-x86_64-fedora-gcc 1.4.8 49.56 OK
r-devel-windows-x86_64 1.4.8 9.00 52.00 61.00 OK
r-devel-windows-x86_64-gcc10-UCRT 1.4.8 OK
r-patched-linux-x86_64 1.4.8 5.70 35.85 41.55 OK
r-patched-solaris-x86 1.4.8 74.00 OK
r-release-linux-x86_64 1.4.8 4.21 35.67 39.88 OK
r-release-macos-arm64 1.4.1 WARN
r-release-macos-x86_64 1.4.8 OK
r-release-windows-ix86+x86_64 1.4.8 10.00 42.00 52.00 OK
r-oldrel-macos-x86_64 1.4.8 OK
r-oldrel-windows-ix86+x86_64 1.4.8 9.00 45.00 54.00 OK

Check Details

Version: 1.4.1
Check: installed package size
Result: NOTE
     installed size is 6.4Mb
     sub-directories of 1Mb or more:
     data 6.1Mb
Flavor: r-release-macos-arm64

Version: 1.4.1
Check: LazyData
Result: WARN
     LazyData DB of 5.7 MB without LazyDataCompression set
     See ยง1.1.6 of 'Writing R Extensions'
Flavor: r-release-macos-arm64