Last updated on 2021-07-01 01:49:23 CEST.
Flavor | Version | Tinstall | Tcheck | Ttotal | Status | Flags |
---|---|---|---|---|---|---|
r-devel-linux-x86_64-debian-clang | 1.3.5 | 19.28 | 166.97 | 186.25 | OK | |
r-devel-linux-x86_64-debian-gcc | 1.3.5 | 12.38 | 122.48 | 134.86 | OK | |
r-devel-linux-x86_64-fedora-clang | 1.3.5 | 227.42 | OK | |||
r-devel-linux-x86_64-fedora-gcc | 1.3.5 | 215.41 | OK | |||
r-devel-windows-x86_64 | 1.3.5 | 36.00 | 202.00 | 238.00 | OK | |
r-devel-windows-x86_64-gcc10-UCRT | 1.3.5 | OK | ||||
r-patched-linux-x86_64 | 1.3.5 | 18.87 | 155.65 | 174.52 | OK | |
r-patched-solaris-x86 | 1.3.5 | 304.60 | NOTE | |||
r-release-linux-x86_64 | 1.3.5 | 16.92 | 153.57 | 170.49 | OK | |
r-release-macos-arm64 | 1.3.5 | OK | ||||
r-release-macos-x86_64 | 1.3.5 | OK | ||||
r-release-windows-ix86+x86_64 | 1.3.5 | 46.00 | 187.00 | 233.00 | OK | |
r-oldrel-macos-x86_64 | 1.3.5 | OK | ||||
r-oldrel-windows-ix86+x86_64 | 1.3.5 | 41.00 | 167.00 | 208.00 | OK |
Version: 1.3.5
Check: installed package size
Result: NOTE
installed size is 6.3Mb
sub-directories of 1Mb or more:
app 6.0Mb
Flavor: r-patched-solaris-x86