Last updated on 2021-07-01 01:49:23 CEST.
Flavor | Version | Tinstall | Tcheck | Ttotal | Status | Flags |
---|---|---|---|---|---|---|
r-devel-linux-x86_64-debian-clang | 0.3.4 | 87.19 | 200.89 | 288.08 | OK | |
r-devel-linux-x86_64-debian-gcc | 0.3.4 | 64.39 | 144.10 | 208.49 | OK | |
r-devel-linux-x86_64-fedora-clang | 0.3.4 | 358.33 | NOTE | |||
r-devel-linux-x86_64-fedora-gcc | 0.3.4 | 341.88 | NOTE | |||
r-devel-windows-x86_64 | 0.3.4 | 100.00 | 235.00 | 335.00 | OK | |
r-devel-windows-x86_64-gcc10-UCRT | 0.3.4 | NOTE | ||||
r-patched-linux-x86_64 | 0.3.4 | 78.51 | 184.65 | 263.16 | OK | |
r-patched-solaris-x86 | 0.3.4 | 405.00 | NOTE | |||
r-release-linux-x86_64 | 0.3.4 | 68.04 | 186.05 | 254.09 | OK | |
r-release-macos-arm64 | 0.3.4 | ERROR | ||||
r-release-macos-x86_64 | 0.3.4 | NOTE | ||||
r-release-windows-ix86+x86_64 | 0.3.4 | 186.00 | 287.00 | 473.00 | OK | |
r-oldrel-macos-x86_64 | 0.3.4 | NOTE | ||||
r-oldrel-windows-ix86+x86_64 | 0.3.4 | 180.00 | 299.00 | 479.00 | OK |
Version: 0.3.4
Check: installed package size
Result: NOTE
installed size is 8.2Mb
sub-directories of 1Mb or more:
libs 7.6Mb
Flavors: r-devel-linux-x86_64-fedora-clang, r-release-macos-x86_64, r-oldrel-macos-x86_64
Version: 0.3.4
Check: dependencies in R code
Result: NOTE
Namespaces in Imports field not imported from:
‘Biobase’ ‘CGHbase’
All declared Imports should be used.
Flavors: r-devel-linux-x86_64-fedora-clang, r-devel-linux-x86_64-fedora-gcc, r-devel-windows-x86_64-gcc10-UCRT, r-patched-solaris-x86, r-release-macos-x86_64, r-oldrel-macos-x86_64
Version: 0.3.4
Check: Rd cross-references
Result: NOTE
Undeclared packages ‘longitudinal’, ‘gRbase’ in Rd xrefs
Flavor: r-devel-linux-x86_64-fedora-clang
Version: 0.3.4
Check: package dependencies
Result: ERROR
Packages required but not available: 'rags2ridges', 'CGHbase'
See section ‘The DESCRIPTION file’ in the ‘Writing R Extensions’
manual.
Flavor: r-release-macos-arm64