Last updated on 2021-07-01 01:49:23 CEST.
Flavor | Version | Tinstall | Tcheck | Ttotal | Status | Flags |
---|---|---|---|---|---|---|
r-devel-linux-x86_64-debian-clang | 0.12.1 | 97.17 | 107.15 | 204.32 | OK | |
r-devel-linux-x86_64-debian-gcc | 0.12.1 | 75.80 | 81.46 | 157.26 | OK | |
r-devel-linux-x86_64-fedora-clang | 0.12.1 | 292.09 | NOTE | |||
r-devel-linux-x86_64-fedora-gcc | 0.12.1 | 262.67 | OK | |||
r-devel-windows-x86_64 | 0.12.1 | 94.00 | 135.00 | 229.00 | OK | |
r-devel-windows-x86_64-gcc10-UCRT | 0.12.1 | OK | ||||
r-patched-linux-x86_64 | 0.12.1 | 83.52 | 102.88 | 186.40 | OK | |
r-patched-solaris-x86 | 0.12.1 | 370.00 | OK | |||
r-release-linux-x86_64 | 0.12.1 | 85.64 | 103.08 | 188.72 | OK | |
r-release-macos-arm64 | 0.12.1 | NOTE | ||||
r-release-macos-x86_64 | 0.12.1 | NOTE | ||||
r-release-windows-ix86+x86_64 | 0.12.1 | 240.00 | 175.00 | 415.00 | OK | |
r-oldrel-macos-x86_64 | 0.12.1 | NOTE | ||||
r-oldrel-windows-ix86+x86_64 | 0.12.1 | 242.00 | 282.00 | 524.00 | OK |
Version: 0.12.1
Check: installed package size
Result: NOTE
installed size is 7.0Mb
sub-directories of 1Mb or more:
libs 6.8Mb
Flavors: r-devel-linux-x86_64-fedora-clang, r-release-macos-arm64, r-release-macos-x86_64, r-oldrel-macos-x86_64