Last updated on 2021-07-01 01:49:23 CEST.
Flavor | Version | Tinstall | Tcheck | Ttotal | Status | Flags |
---|---|---|---|---|---|---|
r-devel-linux-x86_64-debian-clang | 3.4-13 | 230.87 | 300.00 | 530.87 | OK | |
r-devel-linux-x86_64-debian-gcc | 3.4-13 | 145.88 | 218.52 | 364.40 | OK | |
r-devel-linux-x86_64-fedora-clang | 3.4-13 | 652.35 | NOTE | |||
r-devel-linux-x86_64-fedora-gcc | 3.4-13 | 632.07 | OK | |||
r-devel-windows-x86_64 | 3.4-13 | 203.00 | 369.00 | 572.00 | OK | |
r-devel-windows-x86_64-gcc10-UCRT | 3.4-13 | OK | ||||
r-patched-linux-x86_64 | 3.4-13 | 180.63 | 287.85 | 468.48 | OK | |
r-patched-solaris-x86 | 3.4-13 | 603.10 | OK | |||
r-release-linux-x86_64 | 3.4-13 | 176.51 | 284.55 | 461.06 | OK | |
r-release-macos-arm64 | 3.4-13 | NOTE | ||||
r-release-macos-x86_64 | 3.4-13 | NOTE | ||||
r-release-windows-ix86+x86_64 | 3.4-13 | 350.00 | 462.00 | 812.00 | NOTE | |
r-oldrel-macos-x86_64 | 3.4-13 | NOTE | ||||
r-oldrel-windows-ix86+x86_64 | 3.4-13 | 474.00 | 391.00 | 865.00 | NOTE |
Version: 3.4-13
Check: installed package size
Result: NOTE
installed size is 9.8Mb
sub-directories of 1Mb or more:
R 2.6Mb
libs 6.2Mb
Flavors: r-devel-linux-x86_64-fedora-clang, r-release-macos-arm64, r-release-macos-x86_64, r-release-windows-ix86+x86_64, r-oldrel-macos-x86_64, r-oldrel-windows-ix86+x86_64