CRAN Package Check Results for Package rattle

Last updated on 2021-07-01 01:49:23 CEST.

Flavor Version Tinstall Tcheck Ttotal Status Flags
r-devel-linux-x86_64-debian-clang 5.4.0 23.84 112.70 136.54 NOTE
r-devel-linux-x86_64-debian-gcc 5.4.0 20.05 82.16 102.21 NOTE
r-devel-linux-x86_64-fedora-clang 5.4.0 171.69 NOTE
r-devel-linux-x86_64-fedora-gcc 5.4.0 157.25 NOTE
r-devel-windows-x86_64 5.4.0 26.00 124.00 150.00 NOTE
r-devel-windows-x86_64-gcc10-UCRT 5.4.0 NOTE
r-patched-linux-x86_64 5.4.0 28.99 105.71 134.70 NOTE
r-patched-solaris-x86 5.4.0 194.30 NOTE
r-release-linux-x86_64 5.4.0 18.76 105.42 124.18 NOTE
r-release-macos-arm64 5.4.0 NOTE
r-release-macos-x86_64 5.4.0 NOTE
r-release-windows-ix86+x86_64 5.4.0 40.00 118.00 158.00 NOTE
r-oldrel-macos-x86_64 5.4.0 NOTE
r-oldrel-windows-ix86+x86_64 5.4.0 39.00 99.00 138.00 NOTE

Check Details

Version: 5.4.0
Check: package dependencies
Result: NOTE
    Package suggested but not available for checking: 'rggobi'
Flavors: r-devel-linux-x86_64-debian-clang, r-devel-linux-x86_64-debian-gcc, r-devel-linux-x86_64-fedora-clang, r-devel-linux-x86_64-fedora-gcc, r-devel-windows-x86_64-gcc10-UCRT, r-patched-linux-x86_64, r-patched-solaris-x86, r-release-linux-x86_64, r-release-macos-x86_64, r-oldrel-macos-x86_64

Version: 5.4.0
Check: installed package size
Result: NOTE
     installed size is 8.5Mb
     sub-directories of 1Mb or more:
     data 3.6Mb
     etc 1.9Mb
     po 1.2Mb
Flavors: r-devel-linux-x86_64-fedora-clang, r-devel-windows-x86_64, r-patched-solaris-x86, r-release-macos-arm64, r-release-macos-x86_64, r-release-windows-ix86+x86_64, r-oldrel-macos-x86_64, r-oldrel-windows-ix86+x86_64

Version: 5.4.0
Check: package dependencies
Result: NOTE
    Packages suggested but not available for checking:
     'cairoDevice', 'rggobi', 'RGtk2', 'RODBC'
Flavor: r-release-macos-arm64