Last updated on 2021-07-01 01:49:23 CEST.
Flavor | Version | Tinstall | Tcheck | Ttotal | Status | Flags |
---|---|---|---|---|---|---|
r-devel-linux-x86_64-debian-clang | 0.2.3 | 147.09 | 45.68 | 192.77 | OK | |
r-devel-linux-x86_64-debian-gcc | 0.2.3 | 94.22 | 34.70 | 128.92 | OK | |
r-devel-linux-x86_64-fedora-clang | 0.2.3 | 288.64 | NOTE | |||
r-devel-linux-x86_64-fedora-gcc | 0.2.3 | 238.81 | OK | |||
r-devel-windows-x86_64 | 0.2.3 | 129.00 | 78.00 | 207.00 | OK | |
r-devel-windows-x86_64-gcc10-UCRT | 0.2.3 | OK | ||||
r-patched-linux-x86_64 | 0.2.3 | 114.80 | 43.50 | 158.30 | OK | |
r-patched-solaris-x86 | 0.2.3 | 225.80 | OK | |||
r-release-linux-x86_64 | 0.2.3 | 114.09 | 43.87 | 157.96 | OK | |
r-release-macos-arm64 | 0.2.3 | NOTE | ||||
r-release-macos-x86_64 | 0.2.3 | NOTE | ||||
r-release-windows-ix86+x86_64 | 0.2.3 | 264.00 | 90.00 | 354.00 | OK | |
r-oldrel-macos-x86_64 | 0.2.3 | NOTE | ||||
r-oldrel-windows-ix86+x86_64 | 0.2.3 | 302.00 | 87.00 | 389.00 | OK |
Version: 0.2.3
Check: installed package size
Result: NOTE
installed size is 8.5Mb
sub-directories of 1Mb or more:
libs 8.0Mb
Flavors: r-devel-linux-x86_64-fedora-clang, r-release-macos-arm64, r-release-macos-x86_64, r-oldrel-macos-x86_64