Last updated on 2021-07-01 01:49:23 CEST.
Flavor | Version | Tinstall | Tcheck | Ttotal | Status | Flags |
---|---|---|---|---|---|---|
r-devel-linux-x86_64-debian-clang | 0.1.3 | 3.04 | 32.81 | 35.85 | NOTE | |
r-devel-linux-x86_64-debian-gcc | 0.1.3 | 2.46 | 25.75 | 28.21 | NOTE | |
r-devel-linux-x86_64-fedora-clang | 0.1.3 | 52.40 | NOTE | |||
r-devel-linux-x86_64-fedora-gcc | 0.1.3 | 41.35 | NOTE | |||
r-devel-windows-x86_64 | 0.1.3 | 5.00 | 52.00 | 57.00 | NOTE | |
r-devel-windows-x86_64-gcc10-UCRT | 0.1.3 | NOTE | ||||
r-patched-linux-x86_64 | 0.1.3 | 3.22 | 31.70 | 34.92 | NOTE | |
r-patched-solaris-x86 | 0.1.3 | 64.80 | NOTE | |||
r-release-linux-x86_64 | 0.1.3 | 2.92 | 31.51 | 34.43 | NOTE | |
r-release-macos-arm64 | 0.1.3 | NOTE | ||||
r-release-macos-x86_64 | 0.1.3 | NOTE | ||||
r-release-windows-ix86+x86_64 | 0.1.3 | 34.00 | 48.00 | 82.00 | NOTE | |
r-oldrel-macos-x86_64 | 0.1.3 | OK | ||||
r-oldrel-windows-ix86+x86_64 | 0.1.3 | 9.00 | 45.00 | 54.00 | OK |
Version: 0.1.3
Check: LazyData
Result: NOTE
'LazyData' is specified without a 'data' directory
Flavors: r-devel-linux-x86_64-debian-clang, r-devel-linux-x86_64-debian-gcc, r-devel-linux-x86_64-fedora-clang, r-devel-linux-x86_64-fedora-gcc, r-devel-windows-x86_64, r-devel-windows-x86_64-gcc10-UCRT, r-patched-linux-x86_64, r-patched-solaris-x86, r-release-linux-x86_64, r-release-macos-arm64, r-release-macos-x86_64, r-release-windows-ix86+x86_64