Last updated on 2021-07-01 01:49:23 CEST.
Flavor | Version | Tinstall | Tcheck | Ttotal | Status | Flags |
---|---|---|---|---|---|---|
r-devel-linux-x86_64-debian-clang | 0.4.2 | 17.03 | 172.25 | 189.28 | OK | |
r-devel-linux-x86_64-debian-gcc | 0.4.2 | 14.42 | 128.63 | 143.05 | OK | |
r-devel-linux-x86_64-fedora-clang | 0.4.2 | 227.65 | NOTE | |||
r-devel-linux-x86_64-fedora-gcc | 0.4.2 | 219.59 | NOTE | |||
r-devel-windows-x86_64 | 0.4.2 | 40.00 | 203.00 | 243.00 | OK | |
r-devel-windows-x86_64-gcc10-UCRT | 0.4.2 | NOTE | ||||
r-patched-linux-x86_64 | 0.4.2 | 16.72 | 161.27 | 177.99 | OK | |
r-patched-solaris-x86 | 0.4.2 | 330.30 | NOTE | |||
r-release-linux-x86_64 | 0.4.2 | 14.34 | 163.06 | 177.40 | OK | |
r-release-macos-arm64 | 0.4.2 | NOTE | ||||
r-release-macos-x86_64 | 0.4.2 | NOTE | ||||
r-release-windows-ix86+x86_64 | 0.4.2 | 39.00 | 192.00 | 231.00 | OK | |
r-oldrel-macos-x86_64 | 0.4.2 | NOTE | ||||
r-oldrel-windows-ix86+x86_64 | 0.4.2 | 39.00 | 177.00 | 216.00 | OK |
Version: 0.4.2
Check: dependencies in R code
Result: NOTE
Namespaces in Imports field not imported from:
‘Rcpp’ ‘dplyr’
All declared Imports should be used.
Flavors: r-devel-linux-x86_64-fedora-clang, r-devel-linux-x86_64-fedora-gcc, r-devel-windows-x86_64-gcc10-UCRT, r-patched-solaris-x86, r-release-macos-arm64, r-release-macos-x86_64, r-oldrel-macos-x86_64