Last updated on 2021-07-01 01:49:23 CEST.
Flavor | Version | Tinstall | Tcheck | Ttotal | Status | Flags |
---|---|---|---|---|---|---|
r-devel-linux-x86_64-debian-clang | 1.2.1 | 11.26 | 104.79 | 116.05 | OK | |
r-devel-linux-x86_64-debian-gcc | 1.2.1 | 10.58 | 79.11 | 89.69 | OK | |
r-devel-linux-x86_64-fedora-clang | 1.2.1 | 153.76 | NOTE | |||
r-devel-linux-x86_64-fedora-gcc | 1.2.1 | 75.06 | NOTE | |||
r-devel-windows-x86_64 | 1.2.1 | 15.00 | 94.00 | 109.00 | OK | |
r-devel-windows-x86_64-gcc10-UCRT | 1.2.1 | NOTE | ||||
r-patched-linux-x86_64 | 1.2.1 | 9.89 | 101.38 | 111.27 | OK | |
r-patched-solaris-x86 | 1.2.1 | 193.10 | NOTE | |||
r-release-linux-x86_64 | 1.2.0 | 10.32 | 98.15 | 108.47 | OK | |
r-release-macos-arm64 | 1.2.0 | NOTE | ||||
r-release-macos-x86_64 | 1.2.1 | NOTE | ||||
r-release-windows-ix86+x86_64 | 1.2.0 | 26.00 | 122.00 | 148.00 | OK | |
r-oldrel-macos-x86_64 | 1.2.0 | NOTE | ||||
r-oldrel-windows-ix86+x86_64 | 1.2.0 | 25.00 | 114.00 | 139.00 | OK |
Version: 1.2.1
Check: dependencies in R code
Result: NOTE
Namespaces in Imports field not imported from:
‘SemiPar’ ‘caret’ ‘dplyr’ ‘scales’
All declared Imports should be used.
Flavors: r-devel-linux-x86_64-fedora-clang, r-devel-linux-x86_64-fedora-gcc, r-devel-windows-x86_64-gcc10-UCRT, r-patched-solaris-x86, r-release-macos-x86_64
Version: 1.2.0
Check: dependencies in R code
Result: NOTE
Namespaces in Imports field not imported from:
‘SemiPar’ ‘caret’ ‘dplyr’
All declared Imports should be used.
Flavors: r-release-macos-arm64, r-oldrel-macos-x86_64