Last updated on 2021-07-01 01:49:23 CEST.
Flavor | Version | Tinstall | Tcheck | Ttotal | Status | Flags |
---|---|---|---|---|---|---|
r-devel-linux-x86_64-debian-clang | 0.4.0 | 183.18 | 34.94 | 218.12 | OK | |
r-devel-linux-x86_64-debian-gcc | 0.4.0 | 117.40 | 27.43 | 144.83 | OK | |
r-devel-linux-x86_64-fedora-clang | 0.4.0 | 313.53 | NOTE | |||
r-devel-linux-x86_64-fedora-gcc | 0.4.0 | 275.02 | OK | |||
r-devel-windows-x86_64 | 0.4.0 | 174.00 | 65.00 | 239.00 | OK | |
r-devel-windows-x86_64-gcc10-UCRT | 0.4.0 | OK | ||||
r-patched-linux-x86_64 | 0.4.0 | 137.68 | 33.88 | 171.56 | OK | |
r-patched-solaris-x86 | 0.4.0 | 245.20 | OK | |||
r-release-linux-x86_64 | 0.4.0 | 146.29 | 33.82 | 180.11 | OK | |
r-release-macos-arm64 | 0.4.0 | NOTE | ||||
r-release-macos-x86_64 | 0.4.0 | NOTE | ||||
r-release-windows-ix86+x86_64 | 0.4.0 | 325.00 | 78.00 | 403.00 | OK | |
r-oldrel-macos-x86_64 | 0.4.0 | NOTE | ||||
r-oldrel-windows-ix86+x86_64 | 0.4.0 | 432.00 | 78.00 | 510.00 | OK |
Version: 0.4.0
Check: installed package size
Result: NOTE
installed size is 5.8Mb
sub-directories of 1Mb or more:
data 1.6Mb
libs 4.1Mb
Flavors: r-devel-linux-x86_64-fedora-clang, r-release-macos-arm64, r-release-macos-x86_64, r-oldrel-macos-x86_64