CRAN Package Check Results for Package reticulate

Last updated on 2021-07-01 01:49:24 CEST.

Flavor Version Tinstall Tcheck Ttotal Status Flags
r-devel-linux-x86_64-debian-clang 1.20 60.51 99.47 159.98 OK
r-devel-linux-x86_64-debian-gcc 1.20 37.44 74.79 112.23 OK
r-devel-linux-x86_64-fedora-clang 1.20 208.34 OK
r-devel-linux-x86_64-fedora-gcc 1.20 192.09 OK
r-devel-windows-x86_64 1.20 57.00 132.00 189.00 OK
r-devel-windows-x86_64-gcc10-UCRT 1.20 OK
r-patched-linux-x86_64 1.20 50.26 97.64 147.90 OK
r-patched-solaris-x86 1.20 219.40 OK
r-release-linux-x86_64 1.20 49.80 96.60 146.40 OK
r-release-macos-arm64 1.20 NOTE
r-release-macos-x86_64 1.20 OK
r-release-windows-ix86+x86_64 1.20 133.00 147.00 280.00 OK
r-oldrel-macos-x86_64 1.20 OK
r-oldrel-windows-ix86+x86_64 1.20 133.00 187.00 320.00 OK

Check Details

Version: 1.20
Check: installed package size
Result: NOTE
     installed size is 5.6Mb
     sub-directories of 1Mb or more:
     libs 4.2Mb
Flavor: r-release-macos-arm64