Last updated on 2021-07-01 01:49:24 CEST.
Flavor | Version | Tinstall | Tcheck | Ttotal | Status | Flags |
---|---|---|---|---|---|---|
r-devel-linux-x86_64-debian-clang | 0.1.17 | 7.08 | 116.21 | 123.29 | OK | |
r-devel-linux-x86_64-debian-gcc | 0.1.17 | 5.86 | 85.12 | 90.98 | OK | |
r-devel-linux-x86_64-fedora-clang | 0.1.17 | 151.76 | NOTE | |||
r-devel-linux-x86_64-fedora-gcc | 0.1.17 | 142.02 | OK | |||
r-devel-windows-x86_64 | 0.1.17 | 11.00 | 104.00 | 115.00 | NOTE | |
r-devel-windows-x86_64-gcc10-UCRT | 0.1.17 | OK | ||||
r-patched-linux-x86_64 | 0.1.17 | 8.30 | 110.15 | 118.45 | OK | |
r-patched-solaris-x86 | 0.1.17 | 168.60 | NOTE | |||
r-release-linux-x86_64 | 0.1.13 | 6.58 | 78.35 | 84.93 | NOTE | |
r-release-macos-arm64 | 0.1.17 | NOTE | ||||
r-release-macos-x86_64 | 0.1.17 | NOTE | ||||
r-release-windows-ix86+x86_64 | 0.1.13 | 16.00 | 98.00 | 114.00 | NOTE | |
r-oldrel-macos-x86_64 | 0.1.17 | NOTE | ||||
r-oldrel-windows-ix86+x86_64 | 0.1.17 | 11.00 | 115.00 | 126.00 | NOTE |
Version: 0.1.17
Check: installed package size
Result: NOTE
installed size is 5.6Mb
sub-directories of 1Mb or more:
doc 1.1Mb
examples 1.9Mb
Flavors: r-devel-linux-x86_64-fedora-clang, r-devel-windows-x86_64, r-patched-solaris-x86, r-release-macos-arm64, r-release-macos-x86_64, r-oldrel-macos-x86_64, r-oldrel-windows-ix86+x86_64
Version: 0.1.13
Check: LazyData
Result: NOTE
'LazyData' is specified without a 'data' directory
Flavors: r-release-linux-x86_64, r-release-windows-ix86+x86_64