Last updated on 2021-07-01 01:49:24 CEST.
Flavor | Version | Tinstall | Tcheck | Ttotal | Status | Flags |
---|---|---|---|---|---|---|
r-devel-linux-x86_64-debian-clang | 1.3.9 | 61.27 | 586.47 | 647.74 | OK | |
r-devel-linux-x86_64-debian-gcc | 1.3.9 | 43.15 | 390.26 | 433.41 | OK | |
r-devel-linux-x86_64-fedora-clang | 1.3.9 | 741.49 | OK | |||
r-devel-linux-x86_64-fedora-gcc | 1.3.9 | 737.98 | OK | |||
r-devel-windows-x86_64 | 1.3.9 | 76.00 | 688.00 | 764.00 | OK | |
r-devel-windows-x86_64-gcc10-UCRT | 1.3.9 | OK | ||||
r-patched-linux-x86_64 | 1.3.9 | 54.73 | 541.37 | 596.10 | OK | |
r-patched-solaris-x86 | 1.3.9 | 835.30 | OK | |||
r-release-linux-x86_64 | 1.3.9 | 43.28 | 542.00 | 585.28 | OK | |
r-release-macos-arm64 | 1.3.9 | NOTE | ||||
r-release-macos-x86_64 | 1.3.9 | OK | ||||
r-release-windows-ix86+x86_64 | 1.3.9 | 131.00 | 693.00 | 824.00 | OK | |
r-oldrel-macos-x86_64 | 1.3.9 | OK | ||||
r-oldrel-windows-ix86+x86_64 | 1.3.9 | 132.00 | 616.00 | 748.00 | OK |
Version: 1.3.9
Check: installed package size
Result: NOTE
installed size is 6.3Mb
sub-directories of 1Mb or more:
libs 5.1Mb
Flavor: r-release-macos-arm64