Last updated on 2021-07-01 01:49:24 CEST.
Flavor | Version | Tinstall | Tcheck | Ttotal | Status | Flags |
---|---|---|---|---|---|---|
r-devel-linux-x86_64-debian-clang | 1.1.1 | 6.18 | 53.70 | 59.88 | NOTE | |
r-devel-linux-x86_64-debian-gcc | 1.1.1 | 5.66 | 40.25 | 45.91 | NOTE | |
r-devel-linux-x86_64-fedora-clang | 1.1.1 | 80.68 | NOTE | |||
r-devel-linux-x86_64-fedora-gcc | 1.1.1 | 86.00 | NOTE | |||
r-devel-windows-x86_64 | 1.1.1 | 27.00 | 74.00 | 101.00 | NOTE | |
r-devel-windows-x86_64-gcc10-UCRT | 1.1.1 | NOTE | ||||
r-patched-linux-x86_64 | 1.1.1 | 6.77 | 50.43 | 57.20 | NOTE | |
r-patched-solaris-x86 | 1.1.1 | 98.60 | NOTE | |||
r-release-linux-x86_64 | 1.1.1 | 6.93 | 50.58 | 57.51 | NOTE | |
r-release-macos-arm64 | 1.1.1 | NOTE | ||||
r-release-macos-x86_64 | 1.1.1 | NOTE | ||||
r-release-windows-ix86+x86_64 | 1.1.1 | 14.00 | 70.00 | 84.00 | NOTE | |
r-oldrel-macos-x86_64 | 1.1.1 | OK | ||||
r-oldrel-windows-ix86+x86_64 | 1.1.1 | 15.00 | 64.00 | 79.00 | OK |
Version: 1.1.1
Check: LazyData
Result: NOTE
'LazyData' is specified without a 'data' directory
Flavors: r-devel-linux-x86_64-debian-clang, r-devel-linux-x86_64-debian-gcc, r-devel-linux-x86_64-fedora-clang, r-devel-linux-x86_64-fedora-gcc, r-devel-windows-x86_64, r-devel-windows-x86_64-gcc10-UCRT, r-patched-linux-x86_64, r-patched-solaris-x86, r-release-linux-x86_64, r-release-macos-arm64, r-release-macos-x86_64, r-release-windows-ix86+x86_64