CRAN Package Check Results for Package riverdist

Last updated on 2021-07-01 01:49:24 CEST.

Flavor Version Tinstall Tcheck Ttotal Status Flags
r-devel-linux-x86_64-debian-clang 0.15.3 13.56 149.58 163.14 OK
r-devel-linux-x86_64-debian-gcc 0.15.3 12.46 107.83 120.29 OK
r-devel-linux-x86_64-fedora-clang 0.15.3 201.07 OK
r-devel-linux-x86_64-fedora-gcc 0.15.3 193.62 OK
r-devel-windows-x86_64 0.15.3 15.00 178.00 193.00 OK
r-devel-windows-x86_64-gcc10-UCRT 0.15.3 OK
r-patched-linux-x86_64 0.15.3 14.54 140.74 155.28 OK
r-patched-solaris-x86 0.15.3 244.30 NOTE
r-release-linux-x86_64 0.15.3 12.96 141.03 153.99 OK
r-release-macos-arm64 0.15.3 OK
r-release-macos-x86_64 0.15.3 OK
r-release-windows-ix86+x86_64 0.15.3 18.00 166.00 184.00 OK
r-oldrel-macos-x86_64 0.15.3 OK
r-oldrel-windows-ix86+x86_64 0.15.3 23.00 183.00 206.00 OK

Check Details

Version: 0.15.3
Check: installed package size
Result: NOTE
     installed size is 5.3Mb
     sub-directories of 1Mb or more:
     data 3.6Mb
Flavor: r-patched-solaris-x86