Last updated on 2021-07-01 01:49:24 CEST.
Flavor | Version | Tinstall | Tcheck | Ttotal | Status | Flags |
---|---|---|---|---|---|---|
r-devel-linux-x86_64-debian-clang | 1.1 | 6.80 | 50.48 | 57.28 | OK | |
r-devel-linux-x86_64-debian-gcc | 1.1 | 5.73 | 39.60 | 45.33 | OK | |
r-devel-linux-x86_64-fedora-clang | 1.1 | 76.57 | NOTE | |||
r-devel-linux-x86_64-fedora-gcc | 1.1 | 66.13 | OK | |||
r-devel-windows-x86_64 | 1.1 | 9.00 | 49.00 | 58.00 | NOTE | |
r-devel-windows-x86_64-gcc10-UCRT | 1.1 | OK | ||||
r-patched-linux-x86_64 | 1.1 | 6.61 | 48.80 | 55.41 | OK | |
r-patched-solaris-x86 | 1.1 | 90.80 | NOTE | |||
r-release-linux-x86_64 | 1.1 | 7.08 | 48.93 | 56.01 | OK | |
r-release-macos-arm64 | 1.1 | ERROR | ||||
r-release-macos-x86_64 | 1.1 | NOTE | ||||
r-release-windows-ix86+x86_64 | 1.1 | 11.00 | 47.00 | 58.00 | NOTE | |
r-oldrel-macos-x86_64 | 1.1 | NOTE | ||||
r-oldrel-windows-ix86+x86_64 | 1.1 | 9.00 | 43.00 | 52.00 | NOTE |
Version: 1.1
Check: installed package size
Result: NOTE
installed size is 12.2Mb
sub-directories of 1Mb or more:
java 12.0Mb
Flavors: r-devel-linux-x86_64-fedora-clang, r-devel-windows-x86_64, r-patched-solaris-x86, r-release-macos-x86_64, r-release-windows-ix86+x86_64, r-oldrel-macos-x86_64, r-oldrel-windows-ix86+x86_64
Version: 1.1
Check: whether package can be installed
Result: ERROR
Installation failed.
Flavor: r-release-macos-arm64