Last updated on 2021-07-01 01:49:24 CEST.
Flavor | Version | Tinstall | Tcheck | Ttotal | Status | Flags |
---|---|---|---|---|---|---|
r-devel-linux-x86_64-debian-clang | 1.3-7 | 160.57 | 271.43 | 432.00 | OK | |
r-devel-linux-x86_64-debian-gcc | 1.3-7 | 113.01 | 198.86 | 311.87 | OK | |
r-devel-linux-x86_64-fedora-clang | 1.3-7 | 547.56 | NOTE | |||
r-devel-linux-x86_64-fedora-gcc | 1.3-7 | 525.16 | OK | |||
r-devel-windows-x86_64 | 1.3-7 | 162.00 | 289.00 | 451.00 | OK | |
r-devel-windows-x86_64-gcc10-UCRT | 1.3-7 | OK | ||||
r-patched-linux-x86_64 | 1.3-7 | 131.16 | 262.94 | 394.10 | OK | |
r-patched-solaris-x86 | 1.3-7 | 545.40 | OK | |||
r-release-linux-x86_64 | 1.3-7 | 126.97 | 259.94 | 386.91 | OK | |
r-release-macos-arm64 | 1.3-7 | NOTE | ||||
r-release-macos-x86_64 | 1.3-7 | NOTE | ||||
r-release-windows-ix86+x86_64 | 1.3-7 | 263.00 | 314.00 | 577.00 | NOTE | |
r-oldrel-macos-x86_64 | 1.3-7 | NOTE | ||||
r-oldrel-windows-ix86+x86_64 | 1.3-7 | 310.00 | 290.00 | 600.00 | NOTE |
Version: 1.3-7
Check: installed package size
Result: NOTE
installed size is 9.0Mb
sub-directories of 1Mb or more:
R 2.1Mb
libs 5.9Mb
Flavors: r-devel-linux-x86_64-fedora-clang, r-release-macos-arm64, r-release-macos-x86_64, r-release-windows-ix86+x86_64, r-oldrel-macos-x86_64, r-oldrel-windows-ix86+x86_64