CRAN Package Check Results for Package rmsfuns

Last updated on 2021-07-01 01:49:24 CEST.

Flavor Version Tinstall Tcheck Ttotal Status Flags
r-devel-linux-x86_64-debian-clang 1.0.0.1 5.19 48.02 53.21 NOTE
r-devel-linux-x86_64-debian-gcc 1.0.0.1 3.76 35.57 39.33 NOTE
r-devel-linux-x86_64-fedora-clang 1.0.0.1 70.61 NOTE
r-devel-linux-x86_64-fedora-gcc 1.0.0.1 60.81 NOTE
r-devel-windows-x86_64 1.0.0.1 18.00 63.00 81.00 NOTE
r-devel-windows-x86_64-gcc10-UCRT 1.0.0.1 NOTE
r-patched-linux-x86_64 1.0.0.1 4.59 44.49 49.08 NOTE
r-patched-solaris-x86 1.0.0.1 88.90 NOTE
r-release-linux-x86_64 1.0.0.1 4.40 44.67 49.07 NOTE
r-release-macos-arm64 1.0.0.1 NOTE
r-release-macos-x86_64 1.0.0.1 NOTE
r-release-windows-ix86+x86_64 1.0.0.1 13.00 61.00 74.00 NOTE
r-oldrel-macos-x86_64 1.0.0.1 OK
r-oldrel-windows-ix86+x86_64 1.0.0.1 14.00 54.00 68.00 OK

Check Details

Version: 1.0.0.1
Check: LazyData
Result: NOTE
     'LazyData' is specified without a 'data' directory
Flavors: r-devel-linux-x86_64-debian-clang, r-devel-linux-x86_64-debian-gcc, r-devel-linux-x86_64-fedora-clang, r-devel-linux-x86_64-fedora-gcc, r-devel-windows-x86_64, r-devel-windows-x86_64-gcc10-UCRT, r-patched-linux-x86_64, r-patched-solaris-x86, r-release-linux-x86_64, r-release-macos-arm64, r-release-macos-x86_64, r-release-windows-ix86+x86_64