CRAN Package Check Results for Package robCompositions

Last updated on 2021-07-01 01:49:24 CEST.

Flavor Version Tinstall Tcheck Ttotal Status Flags
r-devel-linux-x86_64-debian-clang 2.3.0 119.01 282.17 401.18 OK
r-devel-linux-x86_64-debian-gcc 2.3.0 85.32 208.64 293.96 OK
r-devel-linux-x86_64-fedora-clang 2.3.0 488.46 NOTE
r-devel-linux-x86_64-fedora-gcc 2.3.0 480.42 OK
r-devel-windows-x86_64 2.3.0 155.00 234.00 389.00 OK --no-examples --no-tests --no-vignettes
r-devel-windows-x86_64-gcc10-UCRT 2.3.0 OK
r-patched-linux-x86_64 2.3.0 100.57 267.84 368.41 OK
r-patched-solaris-x86 2.3.0 563.30 OK
r-release-linux-x86_64 2.3.0 102.32 266.06 368.38 OK
r-release-macos-arm64 2.3.0 NOTE
r-release-macos-x86_64 2.3.0 NOTE
r-release-windows-ix86+x86_64 2.3.0 262.00 272.00 534.00 NOTE --no-examples --no-tests --no-vignettes
r-oldrel-macos-x86_64 2.3.0 NOTE
r-oldrel-windows-ix86+x86_64 2.3.0 259.00 278.00 537.00 NOTE --no-examples --no-tests --no-vignettes

Check Details

Version: 2.3.0
Check: installed package size
Result: NOTE
     installed size is 17.9Mb
     sub-directories of 1Mb or more:
     data 1.4Mb
     libs 15.2Mb
Flavors: r-devel-linux-x86_64-fedora-clang, r-release-macos-arm64, r-release-macos-x86_64, r-oldrel-macos-x86_64

Version: 2.3.0
Check: Rd cross-references
Result: NOTE
    Undeclared packages ‘mvoutlier’, ‘StatDA’ in Rd xrefs
Flavor: r-devel-linux-x86_64-fedora-clang

Version: 2.3.0
Flags: --no-examples --no-tests --no-vignettes
Check: installed package size
Result: NOTE
     installed size is 5.3Mb
     sub-directories of 1Mb or more:
     data 1.3Mb
     libs 2.6Mb
Flavors: r-release-windows-ix86+x86_64, r-oldrel-windows-ix86+x86_64