CRAN Package Check Results for Package roben

Last updated on 2021-07-01 01:49:24 CEST.

Flavor Version Tinstall Tcheck Ttotal Status Flags
r-devel-linux-x86_64-debian-clang 0.1.0 260.06 54.89 314.95 OK
r-devel-linux-x86_64-debian-gcc 0.1.0 160.19 39.26 199.45 OK
r-devel-linux-x86_64-fedora-clang 0.1.0 434.01 NOTE
r-devel-linux-x86_64-fedora-gcc 0.1.0 385.56 OK
r-devel-windows-x86_64 0.1.0 214.00 89.00 303.00 OK
r-devel-windows-x86_64-gcc10-UCRT 0.1.0 OK
r-patched-linux-x86_64 0.1.0 194.91 53.31 248.22 OK
r-patched-solaris-x86 0.1.0 334.80 OK
r-release-linux-x86_64 0.1.0 187.55 53.35 240.90 OK
r-release-macos-arm64 0.1.0 NOTE
r-release-macos-x86_64 0.1.0 NOTE
r-release-windows-ix86+x86_64 0.1.0 417.00 125.00 542.00 OK
r-oldrel-macos-x86_64 0.1.0 NOTE
r-oldrel-windows-ix86+x86_64 0.1.0 551.00 135.00 686.00 OK

Check Details

Version: 0.1.0
Check: installed package size
Result: NOTE
     installed size is 10.9Mb
     sub-directories of 1Mb or more:
     libs 10.3Mb
Flavors: r-devel-linux-x86_64-fedora-clang, r-release-macos-arm64, r-release-macos-x86_64, r-oldrel-macos-x86_64