CRAN Package Check Results for Package robust

Last updated on 2021-07-01 01:49:24 CEST.

Flavor Version Tinstall Tcheck Ttotal Status Flags
r-devel-linux-x86_64-debian-clang 0.5-0.0 24.89 91.82 116.71 OK
r-devel-linux-x86_64-debian-gcc 0.5-0.0 18.29 67.59 85.88 OK
r-devel-linux-x86_64-fedora-clang 0.5-0.0 147.40 OK
r-devel-linux-x86_64-fedora-gcc 0.5-0.0 136.63 OK
r-devel-windows-x86_64 0.5-0.0 30.00 116.00 146.00 OK
r-devel-windows-x86_64-gcc10-UCRT 0.5-0.0 OK
r-patched-linux-x86_64 0.5-0.0 26.57 87.16 113.73 OK
r-patched-solaris-x86 0.5-0.0 170.90 ERROR
r-release-linux-x86_64 0.5-0.0 22.69 87.03 109.72 OK
r-release-macos-arm64 0.5-0.0 OK
r-release-macos-x86_64 0.5-0.0 OK
r-release-windows-ix86+x86_64 0.5-0.0 46.00 142.00 188.00 OK
r-oldrel-macos-x86_64 0.5-0.0 OK
r-oldrel-windows-ix86+x86_64 0.5-0.0 58.00 121.00 179.00 OK

Check Details

Version: 0.5-0.0
Check: examples
Result: ERROR
    Running examples in ‘robust-Ex.R’ failed
    The error most likely occurred in:
    
    > ### Name: overlaidDenPlot.fdfm
    > ### Title: Overlaid Density Plot
    > ### Aliases: overlaidDenPlot.fdfm
    > ### Keywords: hplot
    >
    > ### ** Examples
    >
    > data(los, package="robustbase")
    > los.fm <- fit.models(c(Robust = "fitdstnRob", MLE = "fitdstn"),
    + x = los, densfun = "gamma")
    
     *** caught segfault ***
    address 4, cause 'memory not mapped'
    
    Traceback:
     1: Tabgamma(b1, b2, alpha1, alpha2, k, A, maxta, maxtc, maxit, til, tol)
     2: gammaRob(x, ...)
     3: fitdstnRob(x = los, densfun = "gamma")
     4: eval(model.call, sys.parent())
     5: eval(model.call, sys.parent())
     6: fit.models(c(Robust = "fitdstnRob", MLE = "fitdstn"), x = los, densfun = "gamma")
    An irrecoverable exception occurred. R is aborting now ...
Flavor: r-patched-solaris-x86